{"id":1582,"date":"2019-08-30T18:44:31","date_gmt":"2019-08-30T16:44:31","guid":{"rendered":"https:\/\/www.monbento.com\/?page_id=1582"},"modified":"2019-12-30T16:30:08","modified_gmt":"2019-12-30T15:30:08","slug":"mentions-legales","status":"publish","type":"page","link":"https:\/\/www.monbento.com\/blog\/mentions-legales\/","title":{"rendered":"Mentions l\u00e9gales"},"content":{"rendered":"\n<h2 class=\"wp-block-heading\">Informations g\u00e9n\u00e9rales<\/h2>\n\n\n\n<p>Editeur du site et Directeur de publication: SAS monbento<\/p>\n\n\n\n<p>22 all\u00e9e Alan Turing, 63000 Clermont-Ferrand<br>Tel : 04.73.23.72.72<br>RCS Clermont-Ferrand 511 239 444\u00a0 SAS au capital de 90 960 \u20ac<br>TVA INTRA FR31 511 239 444<\/p>\n\n\n\n<p><\/p>\n\n\n\n<h2 class=\"wp-block-heading\">Mentions l\u00e9gales&nbsp;<\/h2>\n\n\n\n<p>Les informations recueillies font l\u2019objet d\u2019un traitement informatique destin\u00e9 \u00e0 monbento<em>&nbsp;<\/em>. Les destinataires des donn\u00e9es est monbento.<\/p>\n\n\n\n<p>Conform\u00e9ment \u00e0 la loi \u00ab informatique et libert\u00e9s \u00bb du 6 janvier 1978 modifi\u00e9e en 2004, vous b\u00e9n\u00e9ficiez d\u2019un droit d\u2019acc\u00e8s et de rectification aux informations qui vous concernent, que vous pouvez exercer en vous adressant \u00e0 contact@monbento.com<\/p>\n\n\n\n<p>Plus d&rsquo;informations sur : www.cnil.fr\u00a0<\/p>\n\n\n\n<p><\/p>\n\n\n\n<h2 class=\"wp-block-heading\">Utilisation des Cookies<\/h2>\n\n\n\n<p>Les utilisateurs du pr\u00e9sent site sont inform\u00e9s que, lors de l\u2019acc\u00e8s \u00e0 ce site, des informations peuvent \u00eatre temporairement conserv\u00e9es en m\u00e9moire ou sur leur disque dur afin de faciliter la navigation sur le site. Les utilisateurs du pr\u00e9sent site reconnaissent avoir \u00e9t\u00e9 inform\u00e9s de cette pratique et des moyens dont ils disposent pour s\u2019y opposer. Consultez la page \u00ab\u00a0<a href=\"https:\/\/www.monbento.com\/enable-cookies\/\">Gestion des cookies<\/a>\u00a0\u00bb<\/p>\n\n\n\n<p><\/p>\n\n\n\n<h2 class=\"wp-block-heading\"><a href=\"http:\/\/www.creation-site-vannes.fr\/\">Cr\u00e9ation de Site<\/a>&nbsp;:<\/h2>\n\n\n\n<p>Maintenance et d\u00e9veloppement informatique:<\/p>\n\n\n\n<p>DBM De Bussac Multim\u00e9dia<br>44 avenue des Etat-Unis<br>63000 Clermont-Ferrand<br>S.A.S. au capital de 40 000 Euros<br><br>R.C.S. Clermont-Ferrand B 434 390\u00a0274<br><br>TVA : FR84434390274<br>T\u00e9l.: 04 73 40 65 65<br>Fax: 04 73 40 65 60<br>Site :\u00a0<a href=\"http:\/\/www.debussac.net\/\">www.debussac.net<\/a><br>E-mail:\u00a0<a href=\"mailto:web@debussasc.net\">web@debussac.net<\/a>\u00a0<\/p>\n\n\n\n<p><\/p>\n\n\n\n<h2 class=\"wp-block-heading\">H\u00e9bergement: NBS System :<\/h2>\n\n\n\n<p>No Blue Screen System<br>140 boulevard Haussmann<br>75008 Paris<br>T\u00e9l.: 01.58.56.60.80 Fax: 01.58.56.60.81<br>E-mail:\u00a0<a href=\"mailto:contact@nbs-system.com\">contact@nbs-system.com<\/a><br><\/p>\n","protected":false},"excerpt":{"rendered":"<p>Informations g\u00e9n\u00e9rales Editeur du site et Directeur de publication: SAS monbento 22 all\u00e9e Alan Turing, 63000 Clermont-FerrandTel : 04.73.23.72.72RCS Clermont-Ferrand 511 239&hellip;<\/p>\n","protected":false},"author":1,"featured_media":0,"parent":0,"menu_order":0,"comment_status":"closed","ping_status":"closed","template":"","meta":{"_acf_changed":false,"footnotes":""},"class_list":["post-1582","page","type-page","status-publish","hentry"],"yoast_head":"<!-- This site is optimized with the Yoast SEO plugin v24.3 - https:\/\/yoast.com\/wordpress\/plugins\/seo\/ -->\n<title>Mentions l\u00e9gales - Monbento<\/title>\n<meta name=\"robots\" content=\"index, follow, max-snippet:-1, max-image-preview:large, max-video-preview:-1\" \/>\n<link rel=\"canonical\" href=\"https:\/\/www.monbento.com\/blog\/mentions-legales\/\" \/>\n<meta property=\"og:locale\" content=\"fr_FR\" \/>\n<meta property=\"og:type\" content=\"article\" \/>\n<meta property=\"og:title\" content=\"Mentions l\u00e9gales - Monbento\" \/>\n<meta property=\"og:description\" content=\"Informations g\u00e9n\u00e9rales Editeur du site et Directeur de publication: SAS monbento 22 all\u00e9e Alan Turing, 63000 Clermont-FerrandTel : 04.73.23.72.72RCS Clermont-Ferrand 511 239&hellip;\" \/>\n<meta property=\"og:url\" content=\"https:\/\/www.monbento.com\/blog\/mentions-legales\/\" \/>\n<meta property=\"og:site_name\" content=\"Monbento\" \/>\n<meta property=\"article:modified_time\" content=\"2019-12-30T15:30:08+00:00\" \/>\n<meta name=\"twitter:card\" content=\"summary_large_image\" \/>\n<meta name=\"twitter:label1\" content=\"Dur\u00e9e de lecture estim\u00e9e\" \/>\n\t<meta name=\"twitter:data1\" content=\"1 minute\" \/>\n<script type=\"application\/ld+json\" class=\"yoast-schema-graph\">{\"@context\":\"https:\/\/schema.org\",\"@graph\":[{\"@type\":\"WebPage\",\"@id\":\"https:\/\/www.monbento.com\/blog\/mentions-legales\/\",\"url\":\"https:\/\/www.monbento.com\/blog\/mentions-legales\/\",\"name\":\"Mentions l\u00e9gales - Monbento\",\"isPartOf\":{\"@id\":\"https:\/\/www.monbento.com\/blog\/#website\"},\"datePublished\":\"2019-08-30T16:44:31+00:00\",\"dateModified\":\"2019-12-30T15:30:08+00:00\",\"breadcrumb\":{\"@id\":\"https:\/\/www.monbento.com\/blog\/mentions-legales\/#breadcrumb\"},\"inLanguage\":\"fr-FR\",\"potentialAction\":[{\"@type\":\"ReadAction\",\"target\":[\"https:\/\/www.monbento.com\/blog\/mentions-legales\/\"]}]},{\"@type\":\"BreadcrumbList\",\"@id\":\"https:\/\/www.monbento.com\/blog\/mentions-legales\/#breadcrumb\",\"itemListElement\":[{\"@type\":\"ListItem\",\"position\":1,\"name\":\"Home\",\"item\":\"https:\/\/www.monbento.com\/blog\/\"},{\"@type\":\"ListItem\",\"position\":2,\"name\":\"Mentions l\u00e9gales\"}]},{\"@type\":\"WebSite\",\"@id\":\"https:\/\/www.monbento.com\/blog\/#website\",\"url\":\"https:\/\/www.monbento.com\/blog\/\",\"name\":\"Monbento\",\"description\":\"Marque Fran\u00e7aise de Bo\u00eetes Bento, Lunch box et Accessoires\",\"potentialAction\":[{\"@type\":\"SearchAction\",\"target\":{\"@type\":\"EntryPoint\",\"urlTemplate\":\"https:\/\/www.monbento.com\/blog\/?s={search_term_string}\"},\"query-input\":{\"@type\":\"PropertyValueSpecification\",\"valueRequired\":true,\"valueName\":\"search_term_string\"}}],\"inLanguage\":\"fr-FR\"}]}<\/script>\n<!-- \/ Yoast SEO plugin. -->","yoast_head_json":{"title":"Mentions l\u00e9gales - Monbento","robots":{"index":"index","follow":"follow","max-snippet":"max-snippet:-1","max-image-preview":"max-image-preview:large","max-video-preview":"max-video-preview:-1"},"canonical":"https:\/\/www.monbento.com\/blog\/mentions-legales\/","og_locale":"fr_FR","og_type":"article","og_title":"Mentions l\u00e9gales - Monbento","og_description":"Informations g\u00e9n\u00e9rales Editeur du site et Directeur de publication: SAS monbento 22 all\u00e9e Alan Turing, 63000 Clermont-FerrandTel : 04.73.23.72.72RCS Clermont-Ferrand 511 239&hellip;","og_url":"https:\/\/www.monbento.com\/blog\/mentions-legales\/","og_site_name":"Monbento","article_modified_time":"2019-12-30T15:30:08+00:00","twitter_card":"summary_large_image","twitter_misc":{"Dur\u00e9e de lecture estim\u00e9e":"1 minute"},"schema":{"@context":"https:\/\/schema.org","@graph":[{"@type":"WebPage","@id":"https:\/\/www.monbento.com\/blog\/mentions-legales\/","url":"https:\/\/www.monbento.com\/blog\/mentions-legales\/","name":"Mentions l\u00e9gales - Monbento","isPartOf":{"@id":"https:\/\/www.monbento.com\/blog\/#website"},"datePublished":"2019-08-30T16:44:31+00:00","dateModified":"2019-12-30T15:30:08+00:00","breadcrumb":{"@id":"https:\/\/www.monbento.com\/blog\/mentions-legales\/#breadcrumb"},"inLanguage":"fr-FR","potentialAction":[{"@type":"ReadAction","target":["https:\/\/www.monbento.com\/blog\/mentions-legales\/"]}]},{"@type":"BreadcrumbList","@id":"https:\/\/www.monbento.com\/blog\/mentions-legales\/#breadcrumb","itemListElement":[{"@type":"ListItem","position":1,"name":"Home","item":"https:\/\/www.monbento.com\/blog\/"},{"@type":"ListItem","position":2,"name":"Mentions l\u00e9gales"}]},{"@type":"WebSite","@id":"https:\/\/www.monbento.com\/blog\/#website","url":"https:\/\/www.monbento.com\/blog\/","name":"Monbento","description":"Marque Fran\u00e7aise de Bo\u00eetes Bento, Lunch box et Accessoires","potentialAction":[{"@type":"SearchAction","target":{"@type":"EntryPoint","urlTemplate":"https:\/\/www.monbento.com\/blog\/?s={search_term_string}"},"query-input":{"@type":"PropertyValueSpecification","valueRequired":true,"valueName":"search_term_string"}}],"inLanguage":"fr-FR"}]}},"acf":[],"_links":{"self":[{"href":"https:\/\/www.monbento.com\/blog\/wp-json\/wp\/v2\/pages\/1582","targetHints":{"allow":["GET"]}}],"collection":[{"href":"https:\/\/www.monbento.com\/blog\/wp-json\/wp\/v2\/pages"}],"about":[{"href":"https:\/\/www.monbento.com\/blog\/wp-json\/wp\/v2\/types\/page"}],"author":[{"embeddable":true,"href":"https:\/\/www.monbento.com\/blog\/wp-json\/wp\/v2\/users\/1"}],"replies":[{"embeddable":true,"href":"https:\/\/www.monbento.com\/blog\/wp-json\/wp\/v2\/comments?post=1582"}],"version-history":[{"count":7,"href":"https:\/\/www.monbento.com\/blog\/wp-json\/wp\/v2\/pages\/1582\/revisions"}],"predecessor-version":[{"id":12442,"href":"https:\/\/www.monbento.com\/blog\/wp-json\/wp\/v2\/pages\/1582\/revisions\/12442"}],"wp:attachment":[{"href":"https:\/\/www.monbento.com\/blog\/wp-json\/wp\/v2\/media?parent=1582"}],"curies":[{"name":"wp","href":"https:\/\/api.w.org\/{rel}","templated":true}]}}